{"id":11,"date":"2022-08-10T11:11:57","date_gmt":"2022-08-10T09:11:57","guid":{"rendered":"https:\/\/cg.ik.w-hs.de\/?page_id=11"},"modified":"2024-09-24T15:49:03","modified_gmt":"2024-09-24T13:49:03","slug":"lehre","status":"publish","type":"page","link":"https:\/\/cg.ik.w-hs.de\/index.php\/lehre\/","title":{"rendered":"Lehre"},"content":{"rendered":"\n<h2 class=\"wp-block-heading has-text-align-center\"><strong>Veranstaltungen, Praktika &amp; Abschl\u00fcsse<\/strong><\/h2>\n\n\n\n<div style=\"height:100px\" aria-hidden=\"true\" class=\"wp-block-spacer\"><\/div>\n\n\n\n<h2 class=\"wp-block-heading alignfull has-text-align-center\">Bachelor Lehrveranstaltungen<\/h2>\n\n\n\n<div class=\"wp-block-columns is-layout-flex wp-container-core-columns-is-layout-9d6595d7 wp-block-columns-is-layout-flex\">\n<div class=\"wp-block-column is-layout-flow wp-block-column-is-layout-flow\">\n<h2 class=\"wp-block-heading\">Computergrafik (CGR)<\/h2>\n\n\n\n<p>OpenGL, Polygonmodelle, Beleuchtung, Rendering&#8230;<\/p>\n\n\n\n<p>Die Studierenden kennen die wichtigste Terminologie der Computergrafik und die zentralen Methoden und Algorithmen, mit denen ein Entwickler dreidimensionaler Applikationen umgehen muss. Sie kennen die Methoden und Algorithmen inklusive ihrer Sonderf\u00e4lle und k\u00f6nnen sie hinsichtlich Effizienz bewerten. Die Studierenden finden zu gestellten Problemen eine angemessene Methodik oder ein algorithmisches Verfahren zur L\u00f6sung des Problems und k\u00f6nnen die Methodik oder das Verfahren anwenden und eine L\u00f6sung finden. Sie sind in der Lage, mathematisch basierte L\u00f6sungsans\u00e4tze und Methoden in algorithmische Verfahren umzusetzen.<\/p>\n\n\n\n<p>Die Studierenden sind auf Basis dieser Kenntnisse f\u00e4hig, sich schnell in die API-Funktionalit\u00e4t einer typischen Entwickler-Schnittstelle einzuarbeiten, um z.B. eine 3D-Programmieraufgabe im Modul \u201eSoftware- und Multimediaprojekt Medieninformatik\u201c l\u00f6sen zu k\u00f6nnen oder um als Grafik- Entwickler einfache 3D-Applikationen aller Art mit Hilfe einer Grafik-API zu erstellen.<br>Die Studierenden sind in der Lage, ihr Wissen im Hinblick auf speziellere Anforderungen und komplexere Applikationen im Beruf schnell zu erweitern.<\/p>\n<\/div>\n\n\n\n<div class=\"wp-block-column is-layout-flow wp-block-column-is-layout-flow\">\n<h2 class=\"wp-block-heading\">Computeranimation (ANI)<\/h2>\n\n\n\n<p>Keyframing, Kinematik, Motion Capture, Physikanimation, &#8230;<\/p>\n\n\n\n<p>Die Studierenden kennen die theoretischen Grundlagen der Computeranimation (inkl. notwendiger Mathematik und Physik). Des Weiteren kennen sie die Methoden und Algorithmen inklusive ihrer Sonderf\u00e4lle. Die Studierenden finden zu gestellten Problemen eine angemessene Methodik oder ein algorithmisches Verfahren zur L\u00f6sung des Problems und k\u00f6nnen die Methodik oder das Verfahren anwenden und eine L\u00f6sung finden.<br>Die Studierenden sind in der Lage, die F\u00e4higkeiten praktisch umzusetzen und mit einem GUI-basierten 3D-System wie Blender 3D-Modelle zu erstellen und diese zu animieren.<\/p>\n<\/div>\n\n\n\n<div class=\"wp-block-column is-layout-flow wp-block-column-is-layout-flow\">\n<h2 class=\"wp-block-heading\">Spieleentwicklung (SPE)<\/h2>\n\n\n\n<p>Klassifikation, 3D-Algorithmen, KI, Audio, Netzwerkspiele, &#8230;<\/p>\n\n\n\n<p>Die Studierenden kennen die theoretischen Grundlagen, wichtige Algorithmen und zentralen Methoden zur Entwicklung dreidimensionaler interaktiver Applikationen, insbesondere von Computerspielen. Sie kennen zudem die Wirkungen von Computerspielen auf die Benutzer. Die Studierenden sind auf der Basis dieser Kenntnisse f\u00e4hig, einfache 3D-Applikationen mit Hilfe einer geeigneten Basis-Software zu entwickeln.<br>Die Studierenden sind in der Lage, ihr Wissen im Hinblick auf speziellere Anforderungen und komplexere Applikationen im Beruf schnell zu erweitern.<\/p>\n<\/div>\n<\/div>\n\n\n\n<div style=\"height:100px\" aria-hidden=\"true\" class=\"wp-block-spacer\"><\/div>\n\n\n\n<h2 class=\"wp-block-heading alignfull has-text-align-center\">Master Lehrveranstaltungen<\/h2>\n\n\n\n<div class=\"wp-block-columns is-layout-flex wp-container-core-columns-is-layout-9d6595d7 wp-block-columns-is-layout-flex\">\n<div class=\"wp-block-column is-layout-flow wp-block-column-is-layout-flow\">\n<h2 class=\"wp-block-heading\"><a href=\"https:\/\/www.w-hs.de\/medieninformatik-ge-master\/\" target=\"_blank\" rel=\"noreferrer noopener\">Virtuelle Umgebungen<\/a><\/h2>\n\n\n\n<p>VU- Applikationen, Simulation, Tracking, Kollision, &#8230;<\/p>\n\n\n\n<p><\/p>\n<\/div>\n\n\n\n<div class=\"wp-block-column is-layout-flow wp-block-column-is-layout-flow\">\n<h2 class=\"wp-block-heading\"><a href=\"https:\/\/www.w-hs.de\/medieninformatik-ge-master\/\" target=\"_blank\" rel=\"noreferrer noopener\">Gamifizierung in der Lehre<\/a><\/h2>\n\n\n\n<p>Konzepte und Verfahren zur Entwicklung gamifizierter<br>Lehrveranstaltungen<\/p>\n<\/div>\n\n\n\n<div class=\"wp-block-column is-layout-flow wp-block-column-is-layout-flow\"><\/div>\n<\/div>\n\n\n\n<div style=\"height:100px\" aria-hidden=\"true\" class=\"wp-block-spacer\"><\/div>\n\n\n\n<h2 class=\"wp-block-heading\">Praktikums und Laborprojekt Arbeiten<\/h2>\n\n\n\n<figure class=\"wp-block-embed is-type-video is-provider-youtube wp-block-embed-youtube wp-embed-aspect-16-9 wp-has-aspect-ratio\"><div class=\"wp-block-embed__wrapper\">\n<iframe loading=\"lazy\" title=\"ShootingRange 1 0 1\" width=\"605\" height=\"340\" src=\"https:\/\/www.youtube.com\/embed\/CWR473uspU4?list=PL_DYei1kaGkSrxDcWTxo3FJKQsKdHxBie\" frameborder=\"0\" allow=\"accelerometer; autoplay; clipboard-write; encrypted-media; gyroscope; picture-in-picture; web-share\" referrerpolicy=\"strict-origin-when-cross-origin\" allowfullscreen><\/iframe>\n<\/div><\/figure>\n\n\n\n<figure class=\"wp-block-gallery has-nested-images columns-default is-cropped wp-block-gallery-1 is-layout-flex wp-block-gallery-is-layout-flex\">\n<figure class=\"wp-block-image size-large\"><a href=\"https:\/\/cg.ik.w-hs.de\/index.php\/demos-videos\/\"><img loading=\"lazy\" decoding=\"async\" width=\"150\" height=\"100\" data-id=\"260\" src=\"https:\/\/cg.ik.w-hs.de\/wp-content\/uploads\/2022\/08\/datenhandschuh-150x100-1.jpg\" alt=\"\" class=\"wp-image-260\" srcset=\"https:\/\/cg.ik.w-hs.de\/wp-content\/uploads\/2022\/08\/datenhandschuh-150x100-1.jpg 150w, https:\/\/cg.ik.w-hs.de\/wp-content\/uploads\/2022\/08\/datenhandschuh-150x100-1-100x67.jpg 100w\" sizes=\"auto, (max-width: 150px) 100vw, 150px\" \/><\/a><\/figure>\n\n\n\n<figure class=\"wp-block-image size-large\"><a href=\"https:\/\/cg.ik.w-hs.de\/index.php\/demos-videos\/\"><img loading=\"lazy\" decoding=\"async\" width=\"150\" height=\"100\" data-id=\"262\" src=\"https:\/\/cg.ik.w-hs.de\/wp-content\/uploads\/2022\/08\/ufo-levelgenerierung-150x100-1.png\" alt=\"\" class=\"wp-image-262\" srcset=\"https:\/\/cg.ik.w-hs.de\/wp-content\/uploads\/2022\/08\/ufo-levelgenerierung-150x100-1.png 150w, https:\/\/cg.ik.w-hs.de\/wp-content\/uploads\/2022\/08\/ufo-levelgenerierung-150x100-1-100x67.png 100w\" sizes=\"auto, (max-width: 150px) 100vw, 150px\" \/><\/a><\/figure>\n\n\n\n<figure class=\"wp-block-image size-large\"><a href=\"https:\/\/cg.ik.w-hs.de\/index.php\/demos-videos\/\"><img loading=\"lazy\" decoding=\"async\" width=\"1278\" height=\"551\" data-id=\"227\" src=\"https:\/\/cg.ik.w-hs.de\/wp-content\/uploads\/2022\/08\/UE4_GoKartRacer.png\" alt=\"\" class=\"wp-image-227\" srcset=\"https:\/\/cg.ik.w-hs.de\/wp-content\/uploads\/2022\/08\/UE4_GoKartRacer.png 1278w, https:\/\/cg.ik.w-hs.de\/wp-content\/uploads\/2022\/08\/UE4_GoKartRacer-300x129.png 300w, https:\/\/cg.ik.w-hs.de\/wp-content\/uploads\/2022\/08\/UE4_GoKartRacer-1024x441.png 1024w, https:\/\/cg.ik.w-hs.de\/wp-content\/uploads\/2022\/08\/UE4_GoKartRacer-768x331.png 768w, https:\/\/cg.ik.w-hs.de\/wp-content\/uploads\/2022\/08\/UE4_GoKartRacer-100x43.png 100w, https:\/\/cg.ik.w-hs.de\/wp-content\/uploads\/2022\/08\/UE4_GoKartRacer-150x65.png 150w, https:\/\/cg.ik.w-hs.de\/wp-content\/uploads\/2022\/08\/UE4_GoKartRacer-200x86.png 200w, https:\/\/cg.ik.w-hs.de\/wp-content\/uploads\/2022\/08\/UE4_GoKartRacer-450x194.png 450w, https:\/\/cg.ik.w-hs.de\/wp-content\/uploads\/2022\/08\/UE4_GoKartRacer-600x259.png 600w, https:\/\/cg.ik.w-hs.de\/wp-content\/uploads\/2022\/08\/UE4_GoKartRacer-900x388.png 900w\" sizes=\"auto, (max-width: 1278px) 100vw, 1278px\" \/><\/a><\/figure>\n\n\n\n<figure class=\"wp-block-image size-large\"><a href=\"https:\/\/cg.ik.w-hs.de\/index.php\/demos-videos\/\"><img loading=\"lazy\" decoding=\"async\" width=\"1024\" height=\"442\" data-id=\"226\" src=\"https:\/\/cg.ik.w-hs.de\/wp-content\/uploads\/2022\/08\/TestSchmiede02-1024x5761-1.jpg\" alt=\"\" class=\"wp-image-226\" srcset=\"https:\/\/cg.ik.w-hs.de\/wp-content\/uploads\/2022\/08\/TestSchmiede02-1024x5761-1.jpg 1024w, https:\/\/cg.ik.w-hs.de\/wp-content\/uploads\/2022\/08\/TestSchmiede02-1024x5761-1-300x129.jpg 300w, https:\/\/cg.ik.w-hs.de\/wp-content\/uploads\/2022\/08\/TestSchmiede02-1024x5761-1-768x332.jpg 768w, https:\/\/cg.ik.w-hs.de\/wp-content\/uploads\/2022\/08\/TestSchmiede02-1024x5761-1-100x43.jpg 100w, https:\/\/cg.ik.w-hs.de\/wp-content\/uploads\/2022\/08\/TestSchmiede02-1024x5761-1-150x65.jpg 150w, https:\/\/cg.ik.w-hs.de\/wp-content\/uploads\/2022\/08\/TestSchmiede02-1024x5761-1-200x86.jpg 200w, https:\/\/cg.ik.w-hs.de\/wp-content\/uploads\/2022\/08\/TestSchmiede02-1024x5761-1-450x194.jpg 450w, https:\/\/cg.ik.w-hs.de\/wp-content\/uploads\/2022\/08\/TestSchmiede02-1024x5761-1-600x259.jpg 600w, https:\/\/cg.ik.w-hs.de\/wp-content\/uploads\/2022\/08\/TestSchmiede02-1024x5761-1-900x388.jpg 900w\" sizes=\"auto, (max-width: 1024px) 100vw, 1024px\" \/><\/a><\/figure>\n\n\n\n<figure class=\"wp-block-image size-large\"><a href=\"https:\/\/cg.ik.w-hs.de\/index.php\/demos-videos\/\"><img loading=\"lazy\" decoding=\"async\" width=\"960\" height=\"720\" data-id=\"235\" src=\"https:\/\/cg.ik.w-hs.de\/wp-content\/uploads\/2022\/08\/CerebellumBillard.jpg\" alt=\"\" class=\"wp-image-235\" srcset=\"https:\/\/cg.ik.w-hs.de\/wp-content\/uploads\/2022\/08\/CerebellumBillard.jpg 960w, https:\/\/cg.ik.w-hs.de\/wp-content\/uploads\/2022\/08\/CerebellumBillard-300x225.jpg 300w, https:\/\/cg.ik.w-hs.de\/wp-content\/uploads\/2022\/08\/CerebellumBillard-768x576.jpg 768w, https:\/\/cg.ik.w-hs.de\/wp-content\/uploads\/2022\/08\/CerebellumBillard-100x75.jpg 100w, https:\/\/cg.ik.w-hs.de\/wp-content\/uploads\/2022\/08\/CerebellumBillard-150x113.jpg 150w, https:\/\/cg.ik.w-hs.de\/wp-content\/uploads\/2022\/08\/CerebellumBillard-200x150.jpg 200w, https:\/\/cg.ik.w-hs.de\/wp-content\/uploads\/2022\/08\/CerebellumBillard-450x338.jpg 450w, https:\/\/cg.ik.w-hs.de\/wp-content\/uploads\/2022\/08\/CerebellumBillard-600x450.jpg 600w, https:\/\/cg.ik.w-hs.de\/wp-content\/uploads\/2022\/08\/CerebellumBillard-900x675.jpg 900w\" sizes=\"auto, (max-width: 960px) 100vw, 960px\" \/><\/a><\/figure>\n\n\n\n<figure class=\"wp-block-image size-large\"><a href=\"https:\/\/cg.ik.w-hs.de\/index.php\/demos-videos\/\"><img loading=\"lazy\" decoding=\"async\" width=\"2548\" height=\"1428\" data-id=\"239\" src=\"https:\/\/cg.ik.w-hs.de\/wp-content\/uploads\/2022\/08\/dude_where_is_my_bike_2012_play.png\" alt=\"\" class=\"wp-image-239\" srcset=\"https:\/\/cg.ik.w-hs.de\/wp-content\/uploads\/2022\/08\/dude_where_is_my_bike_2012_play.png 2548w, https:\/\/cg.ik.w-hs.de\/wp-content\/uploads\/2022\/08\/dude_where_is_my_bike_2012_play-300x168.png 300w, https:\/\/cg.ik.w-hs.de\/wp-content\/uploads\/2022\/08\/dude_where_is_my_bike_2012_play-1024x574.png 1024w, https:\/\/cg.ik.w-hs.de\/wp-content\/uploads\/2022\/08\/dude_where_is_my_bike_2012_play-768x430.png 768w, https:\/\/cg.ik.w-hs.de\/wp-content\/uploads\/2022\/08\/dude_where_is_my_bike_2012_play-1536x861.png 1536w, https:\/\/cg.ik.w-hs.de\/wp-content\/uploads\/2022\/08\/dude_where_is_my_bike_2012_play-2048x1148.png 2048w, https:\/\/cg.ik.w-hs.de\/wp-content\/uploads\/2022\/08\/dude_where_is_my_bike_2012_play-100x56.png 100w, https:\/\/cg.ik.w-hs.de\/wp-content\/uploads\/2022\/08\/dude_where_is_my_bike_2012_play-150x84.png 150w, https:\/\/cg.ik.w-hs.de\/wp-content\/uploads\/2022\/08\/dude_where_is_my_bike_2012_play-200x112.png 200w, https:\/\/cg.ik.w-hs.de\/wp-content\/uploads\/2022\/08\/dude_where_is_my_bike_2012_play-450x252.png 450w, https:\/\/cg.ik.w-hs.de\/wp-content\/uploads\/2022\/08\/dude_where_is_my_bike_2012_play-600x336.png 600w, https:\/\/cg.ik.w-hs.de\/wp-content\/uploads\/2022\/08\/dude_where_is_my_bike_2012_play-900x504.png 900w\" sizes=\"auto, (max-width: 2548px) 100vw, 2548px\" \/><\/a><\/figure>\n\n\n\n<figure class=\"wp-block-image size-full\"><a href=\"https:\/\/cg.ik.w-hs.de\/index.php\/demos-videos\/\"><img loading=\"lazy\" decoding=\"async\" width=\"799\" height=\"599\" data-id=\"316\" src=\"https:\/\/cg.ik.w-hs.de\/wp-content\/uploads\/2022\/08\/RenderChassis02.jpg\" alt=\"\" class=\"wp-image-316\" srcset=\"https:\/\/cg.ik.w-hs.de\/wp-content\/uploads\/2022\/08\/RenderChassis02.jpg 799w, https:\/\/cg.ik.w-hs.de\/wp-content\/uploads\/2022\/08\/RenderChassis02-300x225.jpg 300w, https:\/\/cg.ik.w-hs.de\/wp-content\/uploads\/2022\/08\/RenderChassis02-768x576.jpg 768w, https:\/\/cg.ik.w-hs.de\/wp-content\/uploads\/2022\/08\/RenderChassis02-100x75.jpg 100w, https:\/\/cg.ik.w-hs.de\/wp-content\/uploads\/2022\/08\/RenderChassis02-150x112.jpg 150w, https:\/\/cg.ik.w-hs.de\/wp-content\/uploads\/2022\/08\/RenderChassis02-200x150.jpg 200w, https:\/\/cg.ik.w-hs.de\/wp-content\/uploads\/2022\/08\/RenderChassis02-450x337.jpg 450w, https:\/\/cg.ik.w-hs.de\/wp-content\/uploads\/2022\/08\/RenderChassis02-600x450.jpg 600w\" sizes=\"auto, (max-width: 799px) 100vw, 799px\" \/><\/a><\/figure>\n\n\n\n<figure class=\"wp-block-image size-full\"><a href=\"https:\/\/cg.ik.w-hs.de\/index.php\/demos-videos\/\"><img loading=\"lazy\" decoding=\"async\" width=\"640\" height=\"480\" data-id=\"317\" src=\"https:\/\/cg.ik.w-hs.de\/wp-content\/uploads\/2022\/08\/Raum_2_11.jpg\" alt=\"\" class=\"wp-image-317\" srcset=\"https:\/\/cg.ik.w-hs.de\/wp-content\/uploads\/2022\/08\/Raum_2_11.jpg 640w, https:\/\/cg.ik.w-hs.de\/wp-content\/uploads\/2022\/08\/Raum_2_11-300x225.jpg 300w, https:\/\/cg.ik.w-hs.de\/wp-content\/uploads\/2022\/08\/Raum_2_11-100x75.jpg 100w, https:\/\/cg.ik.w-hs.de\/wp-content\/uploads\/2022\/08\/Raum_2_11-150x113.jpg 150w, https:\/\/cg.ik.w-hs.de\/wp-content\/uploads\/2022\/08\/Raum_2_11-200x150.jpg 200w, https:\/\/cg.ik.w-hs.de\/wp-content\/uploads\/2022\/08\/Raum_2_11-450x338.jpg 450w, https:\/\/cg.ik.w-hs.de\/wp-content\/uploads\/2022\/08\/Raum_2_11-600x450.jpg 600w\" sizes=\"auto, (max-width: 640px) 100vw, 640px\" \/><\/a><\/figure>\n<\/figure>\n\n\n\n<p><\/p>\n\n\n\n<div style=\"height:100px\" aria-hidden=\"true\" class=\"wp-block-spacer\"><\/div>\n\n\n\n<h2 class=\"wp-block-heading\">Bachelor Arbeiten<\/h2>\n\n\n\n<p>Auszug der Arbeiten. Die Liste ist nicht aktuell.<\/p>\n\n\n\n<h3 class=\"wp-block-heading\">CABS: Character Animation and Behavior System<\/h3>\n\n\n\n<p>Kai Buttler<\/p>\n\n\n\n<h3 class=\"wp-block-heading\">Optimierung einer 3d Engine durch Implementierung von OpenGL Statesorting-Algorithmen und vergleichender Analyse der Performance-Steigerung<\/h3>\n\n\n\n<p>Hans Joachim Multhaupt<\/p>\n\n\n\n<h3 class=\"wp-block-heading\">Steuerung einer virtuellen Hand, zur Interaktion in einer virtuellen Umgebung, mithilfe eines Datenhandschuhs<\/h3>\n\n\n\n<p>Michael Michalski<\/p>\n\n\n\n<h3 class=\"wp-block-heading\">Entwicklung eines Teleprompters als Client-Server-System<\/h3>\n\n\n\n<p>Jonas Halbach<\/p>\n\n\n\n<h3 class=\"wp-block-heading\">Physical Audio Creation Engine (PACE): Digitale Echtzeitklangerzeugung mittels physikalischer Modellierung<\/h3>\n\n\n\n<p>Marvin Kionczyk<\/p>\n\n\n\n<h3 class=\"wp-block-heading\">Entwicklung eines optischen Motion Capture Systems<\/h3>\n\n\n\n<p>Pascal Kulik<\/p>\n\n\n\n<h3 class=\"wp-block-heading\">MaPSeE.Merapi: Motion and Pose Scene Exporter<\/h3>\n\n\n\n<p>Carsten Wolters<\/p>\n\n\n\n<h3 class=\"wp-block-heading\">Multami.Merapi: Multami Multitexturing and mapping interconnector<\/h3>\n\n\n\n<p>Michel Knop<\/p>\n\n\n\n<h3 class=\"wp-block-heading\">Mokani.Merapi: Modular keyframe- animation and interpolating system<\/h3>\n\n\n\n<p>Jan Korreck<\/p>\n\n\n\n<h3 class=\"wp-block-heading\">Merapi: Modular engine for rendering, animation and post imaging<\/h3>\n\n\n\n<p>Christian B\u00e4umer<\/p>\n\n\n\n<h3 class=\"wp-block-heading\">Prozedurale Texturierung in Echtzeitumgebung mit Hilfe von programmierbarer Grafik Hardware<\/h3>\n\n\n\n<p>Samuel Sperling<\/p>\n\n\n\n<div style=\"height:100px\" aria-hidden=\"true\" class=\"wp-block-spacer\"><\/div>\n\n\n\n<h2 class=\"wp-block-heading\">Master  Arbeiten<\/h2>\n\n\n\n<p>Auszug der Arbeiten. Die Liste ist nicht aktuell.<\/p>\n\n\n\n<h3 class=\"wp-block-heading\">Master &#8211; Thesis: Automatisierte 3d-Levelgenerierung f\u00fcr das MMOG \u201cUfo Online \u2013 Fight for Earth\u201d<\/h3>\n\n\n\n<p>Alexander Klettke<\/p>\n\n\n\n<h3 class=\"wp-block-heading\">Master &#8211; Thesis: M\u00f6glichkeiten sensorgest\u00fctzter mobiler Endger\u00e4te zur drahtlosen Steuerung von virtuellen und Desktopumgebungen<\/h3>\n\n\n\n<p>Klemens Schrage<\/p>\n\n\n\n<h3 class=\"wp-block-heading\">Master &#8211; Thesis: Eine Entwicklungsumgebung f\u00fcr VR-Applikationen (11\/2003)<\/h3>\n\n\n\n<p>Adrian Pollak<\/p>\n\n\n\n<h3 class=\"wp-block-heading\">Diplom: Konzeption und Implementierung einer XML-Speicherschnittstelle f\u00fcr VR-Daten (10\/2003)<\/h3>\n\n\n\n<p>Marcus Sommer<\/p>\n\n\n\n<h3 class=\"wp-block-heading\">Dipom: Lernprogramm zur Theorie und Anwendung stochstischer Fraktale (09\/2003)<\/h3>\n\n\n\n<p>Katharina Kleibrink<\/p>\n\n\n\n<h3 class=\"wp-block-heading\">Diplom: Konvertierung von Grafikdaten eines 3D-Animationssystems zur Verwendung in einem Echtzeitsystem (09\/2003)<\/h3>\n\n\n\n<p>Stefan P\u00fctz<\/p>\n\n\n\n<h3 class=\"wp-block-heading\">Diplom: Programmierung moderner Grafik-Hardware \u2013 Entwicklung von Vertex- und Pixel-Shadern sowie einer Programmier- und Testumgebung (05\/2003)<\/h3>\n\n\n\n<p>Stefan Zingel<\/p>\n\n\n\n<h3 class=\"wp-block-heading\">Diplom: Entwicklung von E-Learning-Software zum Thema \u201cLokale Beleuchtung\u201d f\u00fcr das Fach Computergrafik auf der Basis von Java 3D (02\/2003)<\/h3>\n\n\n\n<p>Ilgi Kobaner<\/p>\n\n\n\n<h3 class=\"wp-block-heading\">Diplom: Eine interaktive Java-Testumgeung f\u00fcr Verfahren zur Kollisionserkennung in 3D (01\/2003)<\/h3>\n\n\n\n<p>Alexandra Dieste<\/p>\n\n\n\n<h3 class=\"wp-block-heading\">Diplom: Objektorientierte Charaktermodellierung (03\/2002)<\/h3>\n\n\n\n<p>Frank Rossol<\/p>\n\n\n\n<h3 class=\"wp-block-heading\">Diplom: Entwicklung eines Hilfesystems zur Erstellung von Computeranimationen f\u00fcr Charaktere mit humanoider Anatomie (01\/2002)<\/h3>\n\n\n\n<p>Benjamin Montua<\/p>\n\n\n\n<h3 class=\"wp-block-heading\">Diplom: Modellierung und Animation von modellhaft dargestellten parametrisierten Comic-Charakteren, gesteuert durch ein zu programmierendes Realzeitmodell einer Computerumgebung, gerendert in Echtzeit und 3D (06\/2001)<\/h3>\n\n\n\n<p>Frank Schneider<\/p>\n\n\n\n<h3 class=\"wp-block-heading\">Diplom: Entwurf und Implementierung eines Systems zur Erzeugung von Gesichtsanimationen f\u00fcr 3D-Echtzeitmodelle (09\/2000)<\/h3>\n\n\n\n<p>Patrick Dadzio<\/p>\n","protected":false},"excerpt":{"rendered":"<p>Veranstaltungen, Praktika &amp; Abschl\u00fcsse Bachelor Lehrveranstaltungen Computergrafik (CGR) OpenGL, Polygonmodelle, Beleuchtung, Rendering&#8230; Die Studierenden kennen die wichtigste Terminologie der Computergrafik und die zentralen Methoden und Algorithmen, mit denen ein Entwickler dreidimensionaler Applikationen umgehen muss. Sie kennen die Methoden und Algorithmen &hellip;<\/p>\n<p class=\"read-more\"> <a class=\"more-link\" href=\"https:\/\/cg.ik.w-hs.de\/index.php\/lehre\/\"> <span class=\"screen-reader-text\">Lehre<\/span> Weiterlesen &raquo;<\/a><\/p>\n","protected":false},"author":1,"featured_media":107,"parent":0,"menu_order":0,"comment_status":"closed","ping_status":"closed","template":"full-width-page.php","meta":{"footnotes":""},"class_list":["post-11","page","type-page","status-publish","has-post-thumbnail","hentry"],"_links":{"self":[{"href":"https:\/\/cg.ik.w-hs.de\/index.php\/wp-json\/wp\/v2\/pages\/11","targetHints":{"allow":["GET"]}}],"collection":[{"href":"https:\/\/cg.ik.w-hs.de\/index.php\/wp-json\/wp\/v2\/pages"}],"about":[{"href":"https:\/\/cg.ik.w-hs.de\/index.php\/wp-json\/wp\/v2\/types\/page"}],"author":[{"embeddable":true,"href":"https:\/\/cg.ik.w-hs.de\/index.php\/wp-json\/wp\/v2\/users\/1"}],"replies":[{"embeddable":true,"href":"https:\/\/cg.ik.w-hs.de\/index.php\/wp-json\/wp\/v2\/comments?post=11"}],"version-history":[{"count":22,"href":"https:\/\/cg.ik.w-hs.de\/index.php\/wp-json\/wp\/v2\/pages\/11\/revisions"}],"predecessor-version":[{"id":356,"href":"https:\/\/cg.ik.w-hs.de\/index.php\/wp-json\/wp\/v2\/pages\/11\/revisions\/356"}],"wp:featuredmedia":[{"embeddable":true,"href":"https:\/\/cg.ik.w-hs.de\/index.php\/wp-json\/wp\/v2\/media\/107"}],"wp:attachment":[{"href":"https:\/\/cg.ik.w-hs.de\/index.php\/wp-json\/wp\/v2\/media?parent=11"}],"curies":[{"name":"wp","href":"https:\/\/api.w.org\/{rel}","templated":true}]}}