{"id":335,"date":"2022-08-15T15:07:31","date_gmt":"2022-08-15T13:07:31","guid":{"rendered":"https:\/\/cg.ik.w-hs.de\/?page_id=335"},"modified":"2022-08-15T15:08:15","modified_gmt":"2022-08-15T13:08:15","slug":"impressum","status":"publish","type":"page","link":"https:\/\/cg.ik.w-hs.de\/index.php\/impressum\/","title":{"rendered":"Impressum"},"content":{"rendered":"\n<h2 class=\"wp-block-heading\">Verantwortlich f\u00fcr die Inhalte<\/h2>\n\n\n\n<h3 class=\"wp-block-heading\">Prof. Dr. Gregor Lux<\/h3>\n\n\n\n<p>Westf\u00e4lische Hochschule Fachbereich Informatik und Kommunikation Neidenburger Str. 43 45877 Gelsenkirchen Tel.: 0209.9596.0<\/p>\n\n\n\n<h2 class=\"wp-block-heading\">Webmaster<\/h2>\n\n\n\n<h3 class=\"wp-block-heading\">Dipl. Ing. Th. Kollakowsky<\/h3>\n\n\n\n<p>Westf\u00e4lische Hochschule Fachbereich Informatik und Kommunikation Neidenburger Str. 43 45877 Gelsenkirchen<\/p>\n\n\n\n<h2 class=\"wp-block-heading\">Haftungsausschluss<\/h2>\n\n\n\n<p>Auf den Seiten der Westf\u00e4lischen Hochschule sind Links zu anderen Seiten im Internet angelegt. F\u00fcr alle Links gilt: Die Westf\u00e4lischen Hochschule erkl\u00e4rt ausdr\u00fccklich, dass sie keinerlei Einfluss auf die Gestaltung und die Inhalte der gelinkten Seiten hat.<\/p>\n\n\n\n<p>Deshalb distanziert sich die Westf\u00e4lischen Hochschule hiermit ausdr\u00fccklich von allen Inhalten aller auf den Seiten der Westf\u00e4lischen Hochschule gelinkten Seiten. Die Westf\u00e4lischen Hochschule macht sich deren Inhalt nicht zu eigen. Diese Erkl\u00e4rung gilt f\u00fcr alle auf den Seiten der Westf\u00e4lischen Hochschule angezeigten Links und f\u00fcr alle Inhalte der Seiten, zu denen die hier gesetzten Links f\u00fchren.<\/p>\n\n\n\n<h2 class=\"wp-block-heading\">Urheberrechtshinweise<\/h2>\n\n\n\n<p>Texte, Bilder, Grafiken sowie Layout dieser Seiten unterliegen weltweitem Urheberrecht. Unerlaubte Verwendung, Reproduktion oder Weitergabe einzelner Inhalte oder kompletter Seiten werden sowohl strafrechtlich als auch zivilrechtlich verfolgt.<\/p>\n\n\n\n<h2 class=\"wp-block-heading\">Marken- und Warenzeichen<\/h2>\n\n\n\n<p>Alle innerhalb dieser Website genannten Marken- und Warenzeichen unterliegen uneingeschr\u00e4nkt den Bestimmungen des jeweils g\u00fcltigen Kennzeichnungsrechtes und gegebenenfalls den Besitzrechten der jeweiligen eingetragenen Eigent\u00fcmer.<\/p>\n","protected":false},"excerpt":{"rendered":"<p>Verantwortlich f\u00fcr die Inhalte Prof. Dr. Gregor Lux Westf\u00e4lische Hochschule Fachbereich Informatik und Kommunikation Neidenburger Str. 43 45877 Gelsenkirchen Tel.: 0209.9596.0 Webmaster Dipl. Ing. Th. Kollakowsky Westf\u00e4lische Hochschule Fachbereich Informatik und Kommunikation Neidenburger Str. 43 45877 Gelsenkirchen Haftungsausschluss Auf den &hellip;<\/p>\n<p class=\"read-more\"> <a class=\"more-link\" href=\"https:\/\/cg.ik.w-hs.de\/index.php\/impressum\/\"> <span class=\"screen-reader-text\">Impressum<\/span> Weiterlesen &raquo;<\/a><\/p>\n","protected":false},"author":2,"featured_media":0,"parent":0,"menu_order":0,"comment_status":"closed","ping_status":"closed","template":"full-width-page.php","meta":{"footnotes":""},"class_list":["post-335","page","type-page","status-publish","hentry"],"_links":{"self":[{"href":"https:\/\/cg.ik.w-hs.de\/index.php\/wp-json\/wp\/v2\/pages\/335","targetHints":{"allow":["GET"]}}],"collection":[{"href":"https:\/\/cg.ik.w-hs.de\/index.php\/wp-json\/wp\/v2\/pages"}],"about":[{"href":"https:\/\/cg.ik.w-hs.de\/index.php\/wp-json\/wp\/v2\/types\/page"}],"author":[{"embeddable":true,"href":"https:\/\/cg.ik.w-hs.de\/index.php\/wp-json\/wp\/v2\/users\/2"}],"replies":[{"embeddable":true,"href":"https:\/\/cg.ik.w-hs.de\/index.php\/wp-json\/wp\/v2\/comments?post=335"}],"version-history":[{"count":1,"href":"https:\/\/cg.ik.w-hs.de\/index.php\/wp-json\/wp\/v2\/pages\/335\/revisions"}],"predecessor-version":[{"id":337,"href":"https:\/\/cg.ik.w-hs.de\/index.php\/wp-json\/wp\/v2\/pages\/335\/revisions\/337"}],"wp:attachment":[{"href":"https:\/\/cg.ik.w-hs.de\/index.php\/wp-json\/wp\/v2\/media?parent=335"}],"curies":[{"name":"wp","href":"https:\/\/api.w.org\/{rel}","templated":true}]}}